720d (base 14) to base 11.
13810
Convert -753 (base 11) to base 8.
-1611
31303 (base 6) to base 3
12210010
Convert 14442 (base 14) to base 16.
c43a
What is -dc3c (base 14) in base 5?
-2204303
Convert 35431 (base 10) to base 8.
105147
426 (base 8) to base 9
338
Convert 3a46 (base 13) to base 11.
62a1
What is 1612 (base 7) in base 10?
646
What is -bc49 (base 14) in base 8?
-77531
Convert 4a9 (base 11) to base 10.
603
What is 4b81 (base 15) in base 3?
211002011
What is 1342 (base 11) in base 16?
6cc
Convert -17077 (base 8) to base 14.
-2b71
e81 (base 15) to base 2
110011000111
-125040 (base 7) to base 3
-1012000220
-818 (base 14) to base 4
-120312
12132 (base 4) to base 10
414
-18442 (base 10) to base 2
-100100000001010
What is -98de (base 16) in base 4?
-21203132
What is -20827 (base 9) in base 8?
-32743
Convert -2249 (base 13) to base 15.
-1648
-2c23 (base 14) to base 4
-1322333
-42a23 (base 11) to base 8
-171775
What is 1284 (base 12) in base 3?
2220101
What is -1831a (base 14) in base 3?
-10002122112
What is 121321 (base 7) in base 3?
1010100001
20646 (base 7) to base 14
1c26
What is -1101111 (base 2) in base 4?
-1233
2639 (base 10) to base 12
163b
Convert -14424 (base 5) to base 6.
-5423
What is 16ca (base 15) in base 2?
1001100110011
105032 (base 6) to base 3
110011202
Convert -27a (base 13) to base 10.
-439
What is -144245 (base 6) in base 2?
-11011001100101
What is a16 (base 11) in base 9?
1613
-4626 (base 10) to base 16
-1212
Convert -249 (base 15) to base 13.
-30c
-20222322 (base 4) to base 10
-35514
32330 (base 5) to base 6
14131
Convert -257 (base 15) to base 13.
-31c
Convert -7016 (base 12) to base 7.
-50214
Convert 245 (base 9) to base 11.
175
Convert -155 (base 7) to base 8.
-131
-1110111010001 (base 2) to base 6
-55201
Convert -323201 (base 4) to base 5.
-110214
What is 3d4 (base 15) in base 8?
1552
Convert 8c (base 15) to base 4.
2010
What is 10564 (base 9) in base 10?
7024
-89a (base 12) to base 2
-10011110110
What is ce6 (base 15) in base 11?
2211
Convert -26302 (base 11) to base 15.
-b23d
101101111 (base 2) to base 16
16f
Convert -21030 (base 4) to base 13.
-363
1024 (base 8) to base 11
444
What is 85 (base 10) in base 15?
5a
What is 10103 (base 5) in base 4?
22031
What is 234 (base 16) in base 8?
1064
Convert 30f (base 16) to base 15.
373
1111302 (base 5) to base 6
230345
84b1 (base 16) to base 15
a0e9
6256 (base 8) to base 2
110010101110
Convert -130 (base 15) to base 5.
-2040
570 (base 15) to base 10
1230
Convert 1011011000001 (base 2) to base 10.
5825
What is c1a (base 14) in base 7?
6633
1970a (base 11) to base 12
13a99
What is 2210122 (base 3) in base 12?
1222
What is 236036 (base 7) in base 16?
a796
What is -1e9d (base 16) in base 10?
-7837
What is 8409 (base 15) in base 10?
27909
What is -f4e4 (base 16) in base 9?
-104887
What is 1912 (base 14) in base 12?
2750
-6345 (base 10) to base 15
-1d30
-213112 (base 4) to base 14
-cbc
Convert 26d (base 16) to base 15.
2b6
10010001011 (base 2) to base 8
2213
Convert -7725 (base 9) to base 7.
-22412
-3a7 (base 13) to base 9
-785
Convert -1265 (base 13) to base 15.
-b98
What is -2143 (base 6) in base 5?
-3440
What is 1030323 (base 4) in base 16?
133b
24329 (base 10) to base 2
101111100001001
What is 3b8 (base 12) in base 5?
4242
Convert 16436 (base 8) to base 6.
54302
Convert 2140 (base 12) to base 14.
1488
Convert -53114 (base 8) to base 9.
-33266
Convert b4 (base 16) to base 7.
345
What is 110a (base 11) in base 2?
10110110110
1212220102 (base 3) to base 14
d749
2032323 (base 4) to base 14
3495
What is -14f0 (base 16) in base 11?
-4033
31 (base 8) to base 5
100
-130112 (base 4) to base 15
-80e
-28702 (base 10) to base 8
-70036
What is -523 (base 16) in base 11?
-a96
What is -1242043 (base 5) in base 9?
-36726
-32324 (base 5) to base 6
-14130
-200314 (base 6) to base 11
-10856
Convert -35663 (base 8) to base 3.
-202222001
What is 6699 (base 11) in base 8?
21164
Convert -537 (base 10) to base 2.
-1000011001
Convert 1984 (base 11) to base 4.
213100
Convert 55350 (base 7) to base 10.
13902
Convert 153 (base 9) to base 5.
1004
Convert -1c9 (base 13) to base 5.
-2314
1405 (base 16) to base 14
1c21
Convert -151424 (base 6) to base 16.
-3928
-10101000111 (base 2) to base 14
-6c7
15240 (base 9) to base 3
112021100
Convert 103310 (base 5) to base 15.
10da
Convert -24424 (base 5) to base 13.
-b05
What is 10010001011101 (base 2) in base 4?
2101131
Convert -15232 (base 7) to base 6.
-31341
-12330 (base 5) to base 13
-593
Convert 10011101101 (base 2) to base 8.
2355
3467 (base 10) to base 8
6613
33020 (base 4) to base 8
1710
630b (base 14) to base 6
210555
Convert -ac50 (base 13) to base 12.
-11b13
-33333 (base 4) to base 16
-3ff
2039b (base 12) to base 3
2010122102
233 (base 5) to base 6
152
What is 1202221222 (base 3) in base 14?
ca56
What is 4b91 (base 16) in base 12?
b241
Convert 21d1 (base 15) to base 4.
1300003
Convert -60502 (base 8) to base 4.
-12011002
What is 1204 (base 14) in base 7?
12104
Convert 1410423 (base 5) to base 14.
a739
1012121 (base 3) to base 11
730
1100110000 (base 2) to base 5
11231
What is -1456 (base 8) in base 7?
-2242
What is 92e (base 15) in base 10?
2069
Convert -1959 (base 13) to base 15.
-11cc
-55 (base 14) to base 13
-5a
Convert -11000011001 (base 2) to base 9.
-2124
Convert -21011010 (base 3) to base 6.
-40050
Convert 1101301 (base 4) to base 6.
40121
Convert -1436 (base 10) to base 5.
-21221
What is -2014 (base 6) in base 11?
-372
Convert 944 (base 10) to base 9.
1258
What is -1a76 (base 11) in base 8?
-5100
27306 (base 11) to base 13
14977
Convert -61 (base 14) to base 2.
-1010101
3de (base 16) to base 6
4330
Convert 14720 (base 8) to base 4.
1213100
What is 3540 (base 7) in base 16?
516
What is 1119a (base 13) in base 16?
794e
What is -35406 (base 7) in base 12?
-5340
-32a (base 13) to base 7
-1404
What is 404b (base 13) in base 14?
3323
What is -42410 (base 8) in base 10?
-17672
What is -25301 (base 8) in base 3?
-120000101
What is -a78 (base 14) in base 2?
-100000010010
What is -1170 (base 8) in base 16?
-278
What is 875 (base 16) in base 10?
2165
What is 12a3 (base 13) in base 11?
2006
Convert 2100221 (base 3) to base 5.
23401
What is a3a9 (base 11) in base 8?
32740
Convert 4220 (base 10) to base 3.
12210022
Convert -220332 (base 4) to base 6.
-20050
Convert 1b547 (base 13) to base 12.
27054
499c (base 15) to base 2
11110100111000
Convert -12424 (base 6) to base 12.
-1114
What is 16 (base 13) in base 8?
23
Convert -9806 (base 10) to base 4.
-2121032
1071 (base 10) to base 3
1110200
What is 38f7 (base 16) in base 4?
3203313
1c33 (base 14) to base 9
7042
Convert -97d (base 16) to base 12.
-14a5
Convert -1322 (base 6) to base 2.
-101010010
53121 (base 8) to base 16
5651
-72cb (base 16) to base 7
-151451
Convert 2cc2 (base 13) to base 9.
10021
What is -605 (base 14) in base 2?
-10010011101
What is -620 (base 8) in base 4?
-12100
What is 2010323 (base 4) in base 5?
233012
Convert 1001010100 (base 2) to base 13.
36b
Convert -6400 (base 16) to base 15.
-78ba
-295 (base 14) to base 10
-523
-3131302 (base 4) to base 7
-56245
What is -1010101000 (base 2) in base 12?
-488
Convert 220113 (base 5) to base 6.
54513
What is 11402 (base 6) in base 7?
4556
-5b2 (base 13) to base 10
-990
1265 (base 7) to base 15
228
What is 642 (base 7) in base 10?
324
Convert -a939 (base 14) to base 11.
-1aa86
What is -76a (base 16) in base 5?
-30043
What is 134 (base 6) in base 10?
58
Convert -993 (base 10) to base 16.
-3e1
-b1a (base 12) to base 7
-4453
13122 (base 4) to base 16
1da
Convert 101b (base 12) to base 15.
7bb
What is 7585 (base 12) in base 6?
135445
What is 10100011111 (base 2) in base 14?
699
-727 (base 9) to base 6
-2424
-3322 (base 5) to base 2
-111001110
243121 (base 5) to base 12
5375
Convert 39924 (base 10) to base 11.
27aa5
-14314 (base 5) to base 7
-3345
-8ca (base 14) to base 5
-23441
Convert cc (base 13) to base 14.
c0
-1233 (base 7) to base 6
-2053
Convert 1a24 (base 15) to base 12.
3337
What is 398 (base 14) in base 5?
10342
What is 145cc (base 15) in base 4?
33332202
-21120011 (base 3) to base 16
-1588
What is 8772 (base 14) in base 5?
1222144
-7290 (base 10) to base 12
-4276
Convert -3775 (base 12) to base 2.
-1100010001001
Convert -23019 (base 10) to 